2*k + 5. What is the units digit of v(j)?
3
Suppose -1090 = -8*r + 3*r. Suppose 0 = 5*g + y - r, y - 6 = -y. What is the tens digit of g?
4
What is the units digit of ((113/1)/(-1 + 2))/1?
3
Let k(x) = 6*x**2 - 2*x + 1. What is the units digit of k(-2)?
9
What is the tens digit of ((-6)/4)/(((-27)/164)/9)?
8
Let v be 2/(2/(-1))*-1. Let t be (v/(-3))/((-4)/12). Let l = 5 - t. What is the units digit of l?
4
Let x(n) be the third derivative of n**5/30 - n**4/8 + n**3/2 - 2*n**2. Let w be x(2). Let i = 8 - w. What is the units digit of i?
3
Let s be -5 - -3 - -2 - -2. Suppose -24 = -m - s*t + 4*t, 4*m + 3*t = 52. What is the tens digit of m?
1
Suppose -u - 8 = 2*j - 21, 5*j + u - 25 = 0. Suppose 12 = -3*s - 5*k + 3, -j*s + 2 = 2*k. Suppose -7 = -5*x - s. What is the units digit of x?
1
Suppose 0 = b - 6 - 24. Suppose 0 = 4*p - 22 - b. What is the units digit of p?
3
Suppose -2*t = -7 - 1. What is the units digit of t?
4
Let x(s) = 6*s**2 + 2*s - 1. Suppose -2*o = -0*o - 2. What is the units digit of x(o)?
7
Let s(r) = 46*r - 1. What is the tens digit of s(6)?
7
Let w(v) = -2*v**2 + 5*v + 4. Let n be w(4). What is the units digit of (1 - n) + -2 + -1?
6
Suppose -4*x + 12 = 80. Let i = 7 - x. What is the tens digit of i?
2
Let o(t) = 58*t**2 + 10*t - 24. What is the hundreds digit of o(2)?
2
Suppose 5*j - 2*j = -33. What is the units digit of 1 - j - (-1 - -1)?
2
Suppose -3*s + 140 = -2*s. What is the units digit of s?
0
Let w(y) = -y - 8. Let n(s) = -s - 8. Let z(j) = -5*n(j) + 4*w(j). Let t be ((-20)/(-8) - 2)*0. What is the units digit of z(t)?
8
Let d be ((2 + -8)*-1)/2. Suppose -8*u = -d*u. Suppose -j = -u*j - 13. What is the tens digit of j?
1
Suppose -5*a + 451 + 349 = 0. What is the units digit of a?
0
Suppose -b = -2*b. Suppose 2*q + b = 4, t + 5*q = 15. What is the units digit of t?
5
Let q(p) = 13*p**2 - 1. Let a be q(-1). Suppose 4 - a = 2*s. What is the units digit of (2/s)/((-1)/24)?
2
Suppose 4*s - 19 + 3 = 0. Let r(t) = -s - 3*t - 4 - 3. What is the units digit of r(-8)?
3
Let p(y) = 5*y**2 + 2*y + 1. Let a be p(-1). What is the units digit of 0 + a - (1 + 0)?
3
Let p(q) = q**2 - 6*q - 3. Suppose -5*z + 3*o + 86 = -o, 0 = o + 4. Let y = -7 + z. What is the units digit of p(y)?
4
Suppose -6*v + 11*v - 15 = 0. Suppose 3*k = v*a - 33, a + 4*k = 38 - 12. What is the units digit of a?
4
Let s(r) = 16*r**3 + r. What is the tens digit of s(1)?
1
Suppose 2*u - 4*u = 5*p - 10, -2*p - 5 = -u. Let b be ((0/2)/2)/2. Let x = u + b. What is the units digit of x?
5
Suppose 5*n - 3*a = 3*n + 59, 3*n + 2*a = 56. What is the tens digit of n?
2
Let b be -1 - (2 + -4) - -5. Let h be (5/(-3))/((-2)/b). Suppose 3*d + j - 5 = 2*d, 2*d + 18 = h*j. What is the units digit of d?
1
Let x(i) = 4*i - 24. Let l(v) = -v + 6. Let o(h) = -9*l(h) - 2*x(h). Let w be o(6). Let m = 4 + w. What is the units digit of m?
4
Let q(k) = 1 + 8*k + 9*k - k**2 - 7*k. What is the units digit of q(8)?
7
Let t = -8 + 3. Let h = 2 + t. What is the tens digit of -2 - 0/h - -12?
1
Suppose -3 = 3*x, -m - 5*x + 61 = 2. What is the tens digit of m?
6
Let t(o) = -o. Let v(f) = -f - 1. Let c(h) = -3*t(h) - v(h). Let z be c(-1). What is the units digit of 2 + (0/z)/(-2)?
2
Let l(q) = 2*q**2 + 2*q + 8. What is the units digit of l(4)?
8
Let c(k) = -6*k**2 + k + 6*k**2 + 3*k**2. What is the units digit of c(-3)?
4
Let x(d) = 22*d + 7. What is the tens digit of x(2)?
5
Let l(u) be the first derivative of -u**2/2 - 2*u - 1. Let n be l(-4). Suppose 0*x - n = -x. What is the units digit of x?
2
Let j(r) = -r**3 - 3*r**2 - r - 4. Let a be j(-3). Let g = a - 35. Let u = g + 53. What is the units digit of u?
7
Let h be 9/2*6/9. Suppose 13 = 2*i + h. What is the units digit of i?
5
Suppose -45 + 132 = t. What is the tens digit of t?
8
Let h = 4 + -11. Let b = 8 + h. What is the units digit of b?
1
Let v = -453 - -646. What is the units digit of v?
3
Let d(w) = 9*w - 5. What is the units digit of d(2)?
3
Let b be (3/(-9))/(3/18). Let x(t) = -6*t. What is the units digit of x(b)?
2
Let r = 31 - 11. Suppose -4*y = -0*m - 2*m + 52, -5*y - r = 0. What is the tens digit of m?
1
Suppose 90 = n - 6*n. Suppose 15 = -5*a - 10. Let o = a - n. What is the tens digit of o?
1
Suppose -4*r = -5*a - 3 + 1, -a = 5*r - 17. What is the units digit of 141/(-6)*-1*a?
7
Suppose 5*x = 4*w + 168, 2*w = -0*x + 2*x - 68. What is the tens digit of x?
3
Suppose -7 = 3*t - 1. Let x = t - -6. What is the units digit of x?
4
Let z(b) = -7*b + 9. Let k(l) = -10*l + 14. Let x(w) = -5*k(w) + 7*z(w). Let f be x(5). Let i = f + 6. What is the units digit of i?
4
Let z = 198 + -38. Suppose p + 4*p = z. What is the units digit of p?
2
Let i(h) = h**2 - 2*h + 13. Let c be i(0). Suppose 15 = x - c. What is the tens digit of x?
2
Let o(n) = n**2 - 6*n + 1. Let x be o(3). Let s be (x/(-10))/((-2)/(-10)). Suppose -s*c + c + 33 = 0. What is the tens digit of c?
1
Let k be -2 + 0 + 0 + -8. Let l = k - -20. Let r = l - 5. What is the units digit of r?
5
Let c(h) be the second derivative of h**4/12 + h**3 - 2*h**2 + 4*h. What is the tens digit of c(-8)?
1
Let q be (-1)/(106/(-108) + 1). Let a = q - -79. What is the tens digit of a?
2
Let k(d) = d**2 + 7*d + 6. Let u be k(-7). What is the units digit of (-1 - 2) + 60/u?
7
Let q(w) = w**3 + 4*w**2 - w. Let d be q(-4). Suppose -d*a + 71 = -13. What is the tens digit of a?
2
Suppose -53 = -i + 5*g + 25, -5*g = 5*i - 390. Suppose h = -h + i. What is the units digit of h?
9
Let i(g) = -10*g - 2. Let l be (-2)/6*-3 + -3. What is the tens digit of i(l)?
1
What is the units digit of 5/(-4) + (-18)/(-8)?
1
Let a = 6 + -2. Suppose -b = a*i - 6, 0 = -4*i + b + 2*b - 2. Suppose 0 = h - 5 + i. What is the units digit of h?
4
Let t be (-69)/(-12) - 3/(-12). Let b(g) = g - 3. Let x be b(t). What is the units digit of (-2 - 1)*(-4)/x?
4
What is the tens digit of ((-4)/(-11))/2 - (-8660)/44?
9
Let r be ((-2)/(-3))/((-3)/(-27)). Suppose 4*k - 35 = -3*v, r*k = k - 5. What is the tens digit of v?
1
Let s(q) = q**2 + q + 1. Let z be s(-2). Let h(u) = -2*u**3 + u**3 - 5 + 6 - 2 + 2*u**2 + z*u. What is the units digit of h(2)?
5
Let p(h) = -6*h + 2. Let k be p(7). What is the units digit of k/(-6) - 2/3?
6
Let g = -16 + 20. Suppose -5*x + 12 = -g*x. What is the units digit of x?
2
Let t(v) = v + 13. Let q be (-1)/1 + -11 - -2. Let f be t(q). Suppose 0 = -2*h + f*h - 4. What is the units digit of h?
4
Let k = 2 - 0. Suppose -k*w + 0*w = 0. What is the units digit of 3/(3/5) + w?
5
Let i = 2 + 0. What is the units digit of 1/((-69)/(-33) - i)?
1
Let g be (0 - 4/3)*-3. Let j be 17/4 + (-1)/g. Let k(h) = h**3 - 3*h**2 - h - 2. What is the tens digit of k(j)?
1
Let n(f) = f - 5 + 0 + 2*f. What is the units digit of n(9)?
2
Suppose 438 = -0*f + 3*f + 3*y, f - 144 = -2*y. What is the units digit of f?
8
Let n be (1 + 2)/(1/3). Let p(v) = v**2 + 11*v + 2. Let s be p(-6). What is the units digit of s/(-6) - (-3)/n?
5
Let z be 38/(-8) + 8/(-32). Let i = z + 8. Suppose 4*v - 53 = i. What is the tens digit of v?
1
Suppose -5*z - 148 + 413 = 0. Suppose 5*f = 17 + z. What is the units digit of f?
4
Let g(x) = 2 - x**2 - 21*x**3 - 2. What is the units digit of g(-1)?
0
Suppose y + 0 - 4 = 0. Let u = 6 + -4. Suppose d + y*r = -d + 6, u*d - 30 = 4*r. What is the units digit of d?
9
Let l be -3*((-66)/9 - -2). Suppose 2*m - l + 0 = 2*n, 0 = 4*m + 5*n - 77. What is the tens digit of m?
1
Let r(u) = u**2 - 5*u + 5. Let a be r(4). Let q = a + 0. What is the units digit of q?
1
Let g = -12 + 6. Let s(j) = -j + 3. What is the units digit of s(g)?
9
Suppose 5*g + 29 = 9. Let n = g + 12. What is the units digit of n?
8
Let q(a) = a**2 + 3*a - 7. What is the tens digit of q(-9)?
4
Suppose -y - 50 = 5*t - 5*y, t - 3*y + 10 = 0. What is the units digit of (0 + t)*6/(-4)?
5
Let y = 11 + -8. What is the units digit of 12 - (y + -5 + 3)?
1
Suppose 0 = 4*g + 4*f - 296, 2*g = -f - 4*f + 157. What is the units digit of g?
1
Let i(n) = n**3 + n**2 + n - 8. Let l = -3 + 3. Let d be i(l). Let a = d + 12. What is the units digit of a?
4
Let a(h) = -17*h + 3. Let d be a(5). Let i = 117 + d. Suppose -5*g - 3*l + 35 = -5*l, 0 = -5*g - l + i. What is the units digit of g?
7
Suppose 3*p + 0*u = u + 11, 5*u + 25 = 0. Suppose -2*j + p + 6 = 0. Suppose -4*c -